 (21/6 + -2)*(-8)/6. Is -6*(3 + 5/c) - -1262 a prime number?
True
Let d be 6/(-45)*6 - 3990/(-50). Let c = d - 12. Is c prime?
True
Let w(j) = -1572*j + 1. Is w(-14) a composite number?
True
Suppose 25 = 4*p + p. Suppose 0 = 8*j - 4*j - 3*g + 209, 0 = 3*j - p*g + 154. Let o = j + 108. Is o a composite number?
True
Suppose -3*g + 40 = -5*y - 16, 2*y = -g + 4. Suppose -4*q + 7*q + g = 0. Is (-25665)/(-65) + q/(-26) prime?
False
Suppose -5*p + 9 = -3*h, 2*p - h + 1 = 5. Let o be (3008/48)/(1/p). Suppose -2*d + o = 30. Is d a prime number?
True
Let y be (-70)/(-15) - (-8)/(-12). Let j(t) = 10*t**2 - 6*t + 3. Is j(y) a prime number?
True
Let c be (-197)/(2*4/(-8)). Suppose 5*y + 2*x = 74 + c, 2*x = 5*y - 259. Is y a composite number?
False
Let b be 1*(-5 + 1) - (13 + -2124). Is (44/(-16))/(-11) - b/(-4) prime?
False
Let v(p) = -16*p**2 + 5 + 10*p**2 + 5*p**3 - 2*p**3 - 2*p**3 + p. Let w be v(4). Let q = 14 - w. Is q prime?
True
Suppose -3*s = 7*o - 2*o - 9645, -2*o = 0. Let j be 80/180 - (-32)/9. Is s/15 - j/(-6) prime?
False
Let g(s) = -s**2 - 7*s - 8. Let w be g(-4). Suppose 15270 = 5*a + w*i, 3*a - 2*i - 9381 = -219. Suppose 0 = 4*h + 2*t - a, -h + 6*h = 2*t + 3813. Is h prime?
False
Suppose -5*u + 500 + 515 = 0. Is u composite?
True
Let t = -45 - -5132. Is t a composite number?
False
Let h(z) = z**2 + 4*z**3 - 62 - 3*z**3 - 2*z**3 + 0*z**3. Let f be h(0). Let x = 315 + f. Is x composite?
True
Is (-739)/(-5 - (5 - 9)) composite?
False
Let j(w) = w**3 + 5*w**2 - w. Let c be j(-5). Suppose c*n = 2*u - 21, -4*u + 0*n + 54 = 2*n. Is u a composite number?
False
Let f(s) = -197*s**3 - 6*s**2 + 4*s - 12. Is f(-5) a composite number?
False
Let n be 8/(-3)*(-9)/2. Let a be ((-4)/(-1))/(-4 - -6). Suppose 0 = -a*g + n + 40. Is g composite?
True
Let t = 31 - 27. Is 2/t*(825 + -7) a composite number?
False
Suppose -5*n = -3*o - 19, -o = n - 4 - 3. Suppose 3341 = 2*c + 2*c - 3*w, 0 = o*c + 5*w - 1703. Is c prime?
True
Let z be 1 - (64*-4)/4. Suppose p - z = -4*s, -4*s - 145 = -2*p - 7*s. Is p prime?
False
Suppose 6*i - 40 = 4*i. Is 17864/i - (-2)/(-10) composite?
True
Suppose -23*r - 18869 = -i - 21*r, -2*i + 2*r = -37728. Is i a composite number?
False
Let u be 62 + -21 - (-1 + 2 + 1). Suppose 0 = -u*p + 35*p + 2540. Is p composite?
True
Let s(f) = 168*f**2 - 25*f + 48. Is s(13) composite?
True
Suppose -p + 13057 = -5*a, -2*p + 10*a + 26142 = 14*a. Is p prime?
False
Let d = -339 - -1044. Let i = -45 + -25. Let h = i + d. Is h a composite number?
True
Suppose -2 = 3*p - 4*p. Suppose 0 = -p*c + 6*c - 116. Is c/(1*4/12) a prime number?
False
Is (10/(-15))/(64820/32415 + -2) composite?
False
Suppose 0 = -10*b + 12*b - 2*z - 21320, 2*z + 31983 = 3*b. Is b a prime number?
True
Suppose -4*m - 20 = -9*m. Suppose 29 = -0*g - g - m*i, -5*g - 5*i = 205. Let u = g - -346. Is u a composite number?
True
Is (17970/(-9))/(2 + 24/(-9)) composite?
True
Let b(q) = 82*q - 39. Is b(13) a prime number?
False
Suppose -32586 - 20428 = -2*u - s, -5*u + 2*s + 132535 = 0. Is u prime?
False
Suppose 0*n - 3*n = -12. Suppose 3*k - 958 = -c + 118, -3*c = n*k - 1438. Is k a composite number?
True
Let s be (-3)/9 + (-1)/(-3). Let w be 11 + s/((-4)/(-2)). Let x = w - -12. Is x prime?
True
Let b(y) = 32*y**3 + 9*y**2 + 9*y + 5. Let q(p) = -p**3 + p**2 + p. Let l(h) = -b(h) + 4*q(h). Is l(-3) prime?
True
Let h(s) = 376*s**2 + 28*s - 33. Is h(10) prime?
True
Let f(l) = -29245*l + 24. Is f(-1) a composite number?
False
Let o = 2172 + -1510. Is o a composite number?
True
Let h(o) = 17*o**2 - 22 - 5*o + 88 - 39. Is h(-7) a prime number?
False
Let y(h) = 300*h + 121. Is y(8) a prime number?
True
Let s(g) = 5*g + 12. Let j be s(-2). Suppose -j*h = 5*h - 19523. Is h prime?
True
Suppose 13*l - 1185 = -2*l. Is l composite?
False
Let k be 3*1*(-12)/(-18). Suppose 5*a - k*a = 0. Suppose -2*h - i = -426, a = 3*h - i - 0*i - 649. Is h a composite number?
True
Suppose -10*t + 2*t = 9928. Let m = t - -1758. Is m composite?
True
Let w(h) = -h + 8. Let i be w(10). Let x be 0/(-1*(i + 3)). Suppose 4*t + 3*b - 275 = x, -7 = -t - b + 63. Is t prime?
False
Suppose 5*c - c = 8. Let o be (12/4 - 0) + 118. Suppose -o = -c*b - 5*i, -3*i = 3*b + 2*i - 174. Is b a prime number?
True
Let s(h) = -h - 4. Let t be s(-6). Is 3 + (5 - t) + 1835 a composite number?
True
Suppose -8*b + 21079 = -21361. Is b composite?
True
Suppose -4*y + 852 = 5*k - 259, 5*k - 1079 = 4*y. Let b = 662 - k. Is b composite?
False
Let h(n) = 3*n**2 + 12*n - 9. Is h(16) a prime number?
False
Suppose -12*c - 2*r + 7594 = -10*c, -11395 = -3*c - 4*r. Is c a prime number?
True
Suppose 66*j - 24*j = 118902. Is j a prime number?
False
Let z be 4/6 - 35/(-15). Suppose -1075 = -5*r - 5*l, 2*l - 332 = -z*r + 316. Let f = r + -75. Is f composite?
True
Let t(x) = x**2 - 4. Suppose 0 = -o - 5 + 2. Let b be t(o). Suppose 4*c + 102 - 668 = b*q, 5*c - 5*q - 705 = 0. Is c composite?
False
Suppose 0 = -5*k + 983 + 587. Suppose -q - k = 342. Let o = -387 - q. Is o a composite number?
False
Suppose -6*a - 2 + 14 = 0. Let g = a - 0. Suppose 4*l = -x + 8214, l + 225 = g*x + 2274. Is l a composite number?
False
Let s = 2099 + 378. Is s a composite number?
False
Let w(j) = j + 16. Let s be (-3)/(-2)*(-110)/15. Let d(v) = -3*v - 47. Let m(t) = s*w(t) - 4*d(t). Is m(-6) a prime number?
False
Suppose -8*r = -6*r - i - 17026, 5*r - i = 42565. Is r a prime number?
True
Suppose 3*c + 176487 = 61*s - 58*s, 0 = 4*c - 8. Is s composite?
False
Suppose 6 = 2*p + 4*r, -26 = 5*p + 4*r - 65. Let o = p - 7. Suppose 0 = k + o*k - 3265. Is k a composite number?
False
Let h = 26 - 21. Suppose -h*b = -b. Suppose b*g = -3*g + 201. Is g a composite number?
False
Let u(p) = 136*p - 53. Is u(4) prime?
True
Let c(r) = -7*r**3 + 7*r**2 + 21*r + 28. Is c(-11) a prime number?
False
Suppose 14*p + 707 = 7*p. Suppose -96 = 2*c - 0*c. Let j = c - p. Is j composite?
False
Suppose -z = -0*z + 5*u + 20, -5*u = 3*z + 20. Suppose 3*h = f - 12 - 6, z = -5*f + 2*h + 25. Is 3 + (f - 6) - -7 a prime number?
True
Let h be 191*(-2 - 1 - (-4 - 0)). Suppose h = 2*r - 4171. Is r a prime number?
False
Let w(s) = 41*s**2 - 20*s + 1. Is w(-12) a composite number?
True
Suppose -19*l - 143 = -20*l. Let s = 774 + l. Is s prime?
False
Let q be (0 - 20/12)*-3. Suppose -j = -q*x - 138 + 445, -5*j - 295 = -5*x. Is x a prime number?
False
Let t be 182/42 - 2/(-3). Suppose 3*j - 1879 = t*i + 5*j, -368 = i + 3*j. Let h = i + 1578. Is h a composite number?
False
Suppose -4 = -2*b, -j - 3*j - b = 358. Let s be (25/(-2))/(1/2). Let a = s - j. Is a a prime number?
False
Let r = 28383 + -11146. Is r a prime number?
False
Suppose -4*p - p - 15 = 0. Is (p - (-20)/5)*829 prime?
True
Suppose 0 = 5*h + 4*u - 14877, -5*u + 11895 = 4*h - 4*u. Is h a composite number?
True
Let h(v) = 6*v**3 + 9*v**2 - 59*v + 27. Is h(13) composite?
False
Suppose 3*w - 4*t = 54055, -w - 2*t = -46 - 17979. Is w a prime number?
False
Suppose 562*b + 213542 = 576*b. Is b composite?
True
Let g(k) = -7*k**3 - 7*k**2 - 2*k - 12. Let l be g(-4). Suppose 7*w - 5*w - l = 3*j, -485 = -3*w - 2*j. Is w a prime number?
True
Suppose -2*m = q, -3 - 8 = -4*q + 3*m. Let a be 0*q/(-8) + -3. Is (338/a)/(16/(-24)) a prime number?
False
Let z(g) = -g**3 - 8*g**2 - 6*g + 10. Let k be z(-7). Let v(n) = -2*n**k + 3*n**3 - 5 + 6*n**2 - 2 - 9*n. Is v(-7) prime?
True
Suppose -5*t - 51*t + 529256 = 0. Is t prime?
False
Suppose -14*l + 15*l - 3212 = -3*h, -2*h = -6. Is l composite?
False
Is 1127901/21 + (-116)/203 composite?
True
Let k = 34 + -40. Is (3 + 0)*k/((-36)/634) composite?
False
Let h = 260 + -434. Let q = 100 - h. Is q a prime number?
False
Suppose 0 = -0*g - 4*g + 12. Suppose -953 = g*h - 4*b, 4*h + 3*b + 174 = -1105. Let n = 568 + h. Is n a prime number?
False
Suppose 0 = -4*x + x, -2*b = -5*x - 2. Let w = b + -1. Suppose w = 2*i + 25 - 99. Is i composite?
False
Let o = 63 + -57. Suppose o*l = -110 + 1448. Is l composite?
False
Let f be (-1 + 0 - 837) + 0. Let p be (f/4)/((-5)/10). Suppose 5*g = -3*q + 1064, -2*g + 0*q + p = -q. Is g a prime number?
True
Suppose -136735 = -14*a + 249679. Is a a prime number?
False
Suppose -6*q + 12 = -6. Suppose -5*l + 446 - 146 = q*i, i - 104 = -3*l. Is i a composite number?
True
Let w(s) = -43*s + 5. Let n be w(-7). Let t = -586 + 135